{"id":13,"date":"2013-04-02T12:51:27","date_gmt":"2013-04-02T10:51:27","guid":{"rendered":"https:\/\/www.walkberlin.com\/fr\/?page_id=13"},"modified":"2022-05-24T21:53:41","modified_gmt":"2022-05-24T19:53:41","slug":"visites-guidees-de-berlin","status":"publish","type":"page","link":"https:\/\/www.walkberlin.com\/fr\/visites-guidees-de-berlin\/","title":{"rendered":"Visites guid\u00e9es de Berlin"},"content":{"rendered":"<p>Capitale europ\u00e9enne, Berlin s\u00e9duit parce qu&#8217;elle est jeune, dynamique, <strong>internationale, moderne et en transformation permanente<\/strong>. Berlin, c&#8217;est aussi cette ville au paysage urbain complexe et \u00e0 l&#8217;histoire mouvement\u00e9e. Visiter Berlin, c&#8217;est un voyage culturel dans le temps. <strong>Ces visites guid\u00e9es ne sont malheureusement plus propos\u00e9es.<\/strong><\/p>\n<div class=\"widget-title-border\"><div class=\"widget-title-block\"><\/div><\/div><br \/>\n\n\t\t\t<div class=\"teaser-container\">\t\n\t\t\t\t<h2><a href=\"https:\/\/www.walkberlin.com\/fr\/visites-guidees-de-berlin\/decouverte-de-berlin-incontournables\/\" rel=\"bookmark\" title=\"Visites guid\u00e9es de Berlin\">Visite guid\u00e9e : D\u00e9couverte de Berlin<\/a><\/h2><div class=\"alignright border\"><img src=\"https:\/\/www.walkberlin.com\/fr\/wp-content\/uploads\/sites\/3\/2015\/02\/Pariserplatz_WB-200x133.jpg\" alt=\"\" \/><\/div><p>Vous visitez Berlin pour la premi\u00e8re fois et souhaitez d\u00e9couvrir la ville ? Alors ce tour est fait pour vous ! WalkBerlin vous propose une visite guid\u00e9e d\u00e9couverte du centre historique de Berlin de la Porte de Brandebourg au Gendarmenmarkt en 3 heures. Une visite d'Est en Ouest en passant par le M\u00e9morial aux Juifs assassin\u00e9s d'Europe, Checkpoint Charlie et les restes du Mur de Berlin. Une visite guid\u00e9e pr\u00e9sentant l'ensemble des incontournables de Mitte en 3 heures.<\/p><p><a class=\"btn green\" href=\"https:\/\/www.walkberlin.com\/fr\/visites-guidees-de-berlin\/decouverte-de-berlin-incontournables\/\">Infomations &amp; d\u00e9tails<\/a><\/p>\n\t\t\t<\/div>\n\t\t\t<div class=\"clearfix\"><\/div>\n\n\t\t\t<div class=\"teaser-container\">\t\n\t\t\t\t<h2><a href=\"https:\/\/www.walkberlin.com\/fr\/visites-guidees-de-berlin\/mur-de-berlin\/\" rel=\"bookmark\" title=\"Visites guid\u00e9es de Berlin\">Visite guid\u00e9e : le Mur de Berlin<\/a><\/h2><div class=\"alignright border\"><img src=\"https:\/\/www.walkberlin.com\/fr\/wp-content\/uploads\/sites\/3\/2014\/09\/le-Mur-de-Berlin-200x133.jpg\" alt=\"\" \/><\/div><p>La construction du Mur de Berlin, dans la nuit du 12 au 13 ao\u00fbt 1961, devait changer le destin de millions de Berlinois pendant pr\u00e9s de 30 ans. C'est aussi en une nuit, celle du 9 novembre 1989, que le mur est tomb\u00e9. Cette visite nous emm\u00e8ne sur les traces du Mur de Berlin, de l'ancienne gare fant\u00f4me de Nordbahnhof au restes du mur Bernauer Stra\u00dfe. C'est l'histoire de la r\u00e9sistance d'un peuple contre la RDA, des tentatives de fuite r\u00e9ussies, celles qui furent mortelles et du Mur, symbole de la Guerre froide.<\/p><p><a class=\"btn green\" href=\"https:\/\/www.walkberlin.com\/fr\/visites-guidees-de-berlin\/mur-de-berlin\/\">Infomations &amp; d\u00e9tails<\/a><\/p>\n\t\t\t<\/div>\n\t\t\t<div class=\"clearfix\"><\/div>\n\n\t\t\t<div class=\"teaser-container\">\t\n\t\t\t\t<h2><a href=\"https:\/\/www.walkberlin.com\/fr\/visites-guidees-de-berlin\/le-berlin-de-hitler\/\" rel=\"bookmark\" title=\"Visites guid\u00e9es de Berlin\">Visite guid\u00e9e : le Berlin de Hitler<\/a><\/h2><div class=\"alignright border\"><img src=\"https:\/\/www.walkberlin.com\/fr\/wp-content\/uploads\/sites\/3\/2013\/06\/memorial-juif-europe-200x133.jpg\" alt=\"\" \/><\/div><p>D\u00e8s 1933, Hitler mit en place un r\u00e9gime dictatorial en Allemagne, national-socialiste, antis\u00e9mite et raciste. Capitale de l\u2019empire, Berlin a \u00e9t\u00e9 impr\u00e9gn\u00e9e par le nouveau r\u00e9gime dans son histoire multiculturelle et dans son architecture. Ville multiculturelle, Berlin fut \u00e0 la fois le si\u00e8ge du pouvoir nazi et un des lieux de la r\u00e9sistance allemande. Dans ce tour, nous nous rendons sur les traces de l\u2019ancienne \u00ab Germania \u00bb pour visiter les lieux de l\u2019appareil nazi et de la r\u00e9sistance.<\/p><p><a class=\"btn green\" href=\"https:\/\/www.walkberlin.com\/fr\/visites-guidees-de-berlin\/le-berlin-de-hitler\/\">Infomations &amp; d\u00e9tails<\/a><\/p>\n\t\t\t<\/div>\n\t\t\t<div class=\"clearfix\"><\/div>\n<div class=\"widget-title-border\"><div class=\"widget-title-block\"><\/div><\/div><br \/>\n\n\t\t\t<div class=\"teaser-container\">\t\n\t\t\t\t<h2><a href=\"https:\/\/www.walkberlin.com\/fr\/visites-guidees-privees\/\" rel=\"bookmark\" title=\"Visites guid\u00e9es de Berlin\">Visites guid\u00e9es priv\u00e9es<\/a><\/h2><div class=\"alignright border\"><img src=\"https:\/\/www.walkberlin.com\/fr\/wp-content\/uploads\/sites\/3\/2014\/01\/IMG_0700-200x133.jpg\" alt=\"\" \/><\/div><p>Vous voulez d\u00e9couvrir Berlin lors d\u2019une de nos visites guid\u00e9es mais en tant que groupe priv\u00e9 ? Ou bien vous \u00eates int\u00e9ress\u00e9s par un tout autre sujet ? Les groupes, les entreprises et les scolaires ont la possibilit\u00e9 de visiter Berlin avec WalkBerlin, individuellement et en groupe priv\u00e9. Sujet, dur\u00e9e et date : c\u2019est vous qui choississez.<\/p><p><a class=\"btn green\" href=\"https:\/\/www.walkberlin.com\/fr\/visites-guidees-privees\/\">Infomations &amp; d\u00e9tails<\/a><\/p>\n\t\t\t<\/div>\n\t\t\t<div class=\"clearfix\"><\/div>\n\n\t\t\t<div class=\"teaser-container\">\t\n\t\t\t\t<h2><a href=\"https:\/\/www.walkberlin.com\/fr\/visites-guidees-pour-scolaires-2\/\" rel=\"bookmark\" title=\"Visites guid\u00e9es de Berlin\">Visites guid\u00e9es pour scolaires<\/a><\/h2><div class=\"alignright border\"><img src=\"https:\/\/www.walkberlin.com\/fr\/wp-content\/uploads\/sites\/3\/2014\/01\/P1110812-640x450-200x133.jpg\" alt=\"\" \/><\/div><p>WalkBerlin propose aux scolaires et aux \u00e9tudiants des visites guid\u00e9es informatives et passionnantes pour d\u00e9couvrir les probl\u00e9matiques de l\u2019histoire contemporaine \u00e0 Berlin. Ces tours sont con\u00e7us pour r\u00e9pondre \u00e0 leurs questions et plus encore. Tours r\u00e9guliers et \u00e0 la carte offrent un grand choix de visites.<\/p><p><a class=\"btn green\" href=\"https:\/\/www.walkberlin.com\/fr\/visites-guidees-pour-scolaires-2\/\">Infomations &amp; d\u00e9tails<\/a><\/p>\n\t\t\t<\/div>\n\t\t\t<div class=\"clearfix\"><\/div>\n\n\t\t\t<div class=\"teaser-container\">\t\n\t\t\t\t<h2><a href=\"https:\/\/www.walkberlin.com\/fr\/visites-guidees-privees-berlin\/berlin-et-les-francais\/\" rel=\"bookmark\" title=\"Visites guid\u00e9es de Berlin\">Visite guid\u00e9e : Berlin et les Fran\u00e7ais<\/a><\/h2><div class=\"alignright border\"><img src=\"https:\/\/www.walkberlin.com\/fr\/wp-content\/uploads\/sites\/3\/2013\/06\/pariserplatz-200x133.jpg\" alt=\"\" \/><\/div><p>\u00ab Les Fran\u00e7ais arrivent \u00e0 Berlin \u00bb, une phrase que l\u2019on conna\u00eet bien dans l\u2019histoire berlinoise. A plusieurs reprises, les Fran\u00e7ais sont venus \u00e0 Berlin : les huguenots apr\u00e8s la Guerre de Trente ans, les troupes fran\u00e7aises lors des guerres napol\u00e9oniennes en 1806 ou encore entre 1945 et 1994 pour y occuper un secteur. La visite guid\u00e9e pr\u00e9sente l\u2019histoire complexe des relations franco-allemandes \u00e0 Berlin du 17\u00e8me si\u00e8cle jusqu\u2019\u00e0 l\u2019engouement actuel des Fran\u00e7ais pour la capitale allemande. <\/p><p><a class=\"btn green\" href=\"https:\/\/www.walkberlin.com\/fr\/visites-guidees-privees-berlin\/berlin-et-les-francais\/\">Infomations &amp; d\u00e9tails<\/a><\/p>\n\t\t\t<\/div>\n\t\t\t<div class=\"clearfix\"><\/div>\n\n\t\t\t<div class=\"teaser-container\">\t\n\t\t\t\t<h2><a href=\"https:\/\/www.walkberlin.com\/fr\/la-resistance-allemande-face-au-nazisme\/\" rel=\"bookmark\" title=\"Visites guid\u00e9es de Berlin\">La r\u00e9sistance allemande face au nazisme<\/a><\/h2><div class=\"alignright border\"><img src=\"https:\/\/www.walkberlin.com\/fr\/wp-content\/uploads\/sites\/3\/2013\/08\/widerstand-200x133.jpg\" alt=\"\" \/><\/div><p>Un aspect peut-\u00eatre moins connu du r\u00e9gime nazi : la r\u00e9sistance allemande. Jamais les nazis n'obtiendront la majorit\u00e9 absolue dans le pays et malgr\u00e9 terreur et propagande, syst\u00e8me concentrationnaire et embrigadement, des voix se lev\u00e8rent contre le r\u00e9gime. En Allemagne et \u00e0 Berlin. Berlin fut \u00e0 la fois le si\u00e8ge du Troisi\u00e8me Reich et un des lieux de la r\u00e9sistance allemande. Aujourd'hui, Berlin rend hommage \u00e0 ces r\u00e9sistants longtemps rest\u00e9s dans l'ombre. Ce tour pr\u00e9sente leurs portraits.<\/p><p><a class=\"btn green\" href=\"https:\/\/www.walkberlin.com\/fr\/la-resistance-allemande-face-au-nazisme\/\">Infomations &amp; d\u00e9tails<\/a><\/p>\n\t\t\t<\/div>\n\t\t\t<div class=\"clearfix\"><\/div>\n\n\t\t\t<div class=\"teaser-container\">\t\n\t\t\t\t<h2><a href=\"https:\/\/www.walkberlin.com\/fr\/lalexanderplatz\/\" rel=\"bookmark\" title=\"Visites guid\u00e9es de Berlin\">L&#8217;Alexanderplatz<\/a><\/h2><div class=\"alignright border\"><img src=\"https:\/\/www.walkberlin.com\/fr\/wp-content\/uploads\/sites\/3\/2013\/08\/IMG_0390-200x133.jpg\" alt=\"\" \/><\/div><p>Place mythique devenue place prestige, l'Alexanderplatz fait partie des incontournables de Berlin. Elle est li\u00e9e \u00e0 toutes les histoires et \u00e0 la grande histoire de Berlin : le Berlin de l'entre-deux guerres, la mont\u00e9e du nazisme, la fondation de la RDA qui en fera le coeur de sa capitale, Berlin-Est, et la preuve de sa puissance technique avec sa Tour de t\u00e9l\u00e9vision. Une place du r\u00e9gime mais surtout une place r\u00e9volutionnaire, immortalis\u00e9e par le film : \"Good bye Lenin !\", \u00e0 d\u00e9couvrir dans ce tour, qui lui est consacr\u00e9.<\/p><p><a class=\"btn green\" href=\"https:\/\/www.walkberlin.com\/fr\/lalexanderplatz\/\">Infomations &amp; d\u00e9tails<\/a><\/p>\n\t\t\t<\/div>\n\t\t\t<div class=\"clearfix\"><\/div>\n<div id=\"social-media\">\n\t\t\t\t\t\t<span class=\"h3\">Partager<\/span>\n\t\t\t\t\t\t<ul>\n\t\t\t\t\t\t\t<li>\n\t\t\t\t\t\t\t\t<img src=\"https:\/\/www.walkberlin.com\/fr\/wp-content\/themes\/stylemag\/images\/social-media\/facebook_icon.png\" id=\"facebook\" class=\"socialbtn\" alt=\"\" \/>\n\t\t\t\t\t\t\t<\/li>\n\t\t\t\t\t\t\t<li>\n\t\t\t\t\t\t\t\t<img src=\"https:\/\/www.walkberlin.com\/fr\/wp-content\/themes\/stylemag\/images\/social-media\/twitter_icon.png\" id=\"twitter\" class=\"socialbtn\" alt=\"\" \/>\n\t\t\t\t\t\t\t<\/li>\n\t\t\t\t\t\t\t<li>\n\t\t\t\t\t\t\t\t<img src=\"https:\/\/www.walkberlin.com\/fr\/wp-content\/themes\/stylemag\/images\/social-media\/googleplus_icon.png\" id=\"googleplus\" class=\"socialbtn\" alt=\"\" \/>\n\t\t\t\t\t\t\t<\/li>\n\t\t\t\t\t\t\t<li>\n\t\t\t\t\t\t\t\t<img src=\"https:\/\/www.walkberlin.com\/fr\/wp-content\/themes\/stylemag\/images\/social-media\/pinterest_icon.png\" id=\"pinterest\" class=\"socialbtn\" alt=\"\" \/>\n\t\t\t\t\t\t\t<\/li>\n\t\t\t\t\t\t\t<li>\n\t\t\t\t\t\t\t\t<img src=\"https:\/\/www.walkberlin.com\/fr\/wp-content\/themes\/stylemag\/images\/social-media\/whatsapp_icon.png\" id=\"whatsapp\" class=\"socialbtn\" alt=\"\" \/>\n\t\t\t\t\t\t\t<\/li>\n\t\t\t\t\t\t\t<li>\n\t\t\t\t\t\t\t\t<img src=\"https:\/\/www.walkberlin.com\/fr\/wp-content\/themes\/stylemag\/images\/social-media\/email_icon.png\" id=\"email\" class=\"socialbtn\" alt=\"\" \/>\n\t\t\t\t\t\t\t<\/li>\n\t\t\t\t\t\t<\/ul>\n\t\t\t\t\t\t<\/div>\n\t\t\t\t\t\t\t<div class=\"widget-title-border\">\n\t\t\t\t\t\t<div class=\"widget-title-block\"><\/div>\n\t\t\t\t\t<\/div>","protected":false},"excerpt":{"rendered":"<p>Capitale europ\u00e9enne, Berlin s\u00e9duit parce qu&#8217;elle est jeune, dynamique, internationale, moderne et en transformation permanente. Berlin, c&#8217;est aussi cette ville au paysage urbain complexe et \u00e0 l&#8217;histoire mouvement\u00e9e. Visiter Berlin, c&#8217;est un voyage culturel dans le temps. Ces visites guid\u00e9es ne sont malheureusement plus propos\u00e9es. Partager<\/p>\n","protected":false},"author":1,"featured_media":0,"parent":0,"menu_order":1,"comment_status":"closed","ping_status":"closed","template":"","meta":[],"_links":{"self":[{"href":"https:\/\/www.walkberlin.com\/fr\/wp-json\/wp\/v2\/pages\/13"}],"collection":[{"href":"https:\/\/www.walkberlin.com\/fr\/wp-json\/wp\/v2\/pages"}],"about":[{"href":"https:\/\/www.walkberlin.com\/fr\/wp-json\/wp\/v2\/types\/page"}],"author":[{"embeddable":true,"href":"https:\/\/www.walkberlin.com\/fr\/wp-json\/wp\/v2\/users\/1"}],"replies":[{"embeddable":true,"href":"https:\/\/www.walkberlin.com\/fr\/wp-json\/wp\/v2\/comments?post=13"}],"version-history":[{"count":25,"href":"https:\/\/www.walkberlin.com\/fr\/wp-json\/wp\/v2\/pages\/13\/revisions"}],"predecessor-version":[{"id":3223,"href":"https:\/\/www.walkberlin.com\/fr\/wp-json\/wp\/v2\/pages\/13\/revisions\/3223"}],"wp:attachment":[{"href":"https:\/\/www.walkberlin.com\/fr\/wp-json\/wp\/v2\/media?parent=13"}],"curies":[{"name":"wp","href":"https:\/\/api.w.org\/{rel}","templated":true}]}}

Visites guidées de Berlin

<p>Capitale européenne, Berlin séduit parce qu&#8217;elle est jeune, dynamique, <strong>internationale, moderne et en transformation permanente</strong>. Berlin, c&#8217;est aussi cette ville au paysage urbain complexe et à l&#8217;histoire mouvementée. Visiter Berlin, c&#8217;est un voyage culturel dans le temps. <strong>Ces visites guidées ne sont malheureusement plus proposées.</strong></p>
<div class="widget-title-border"><div class="widget-title-block"></div></div><br />

			<div class="teaser-container">	
				<h2><a href="https://www.walkberlin.com/fr/visites-guidees-de-berlin/decouverte-de-berlin-incontournables/" rel="bookmark" title="Visites guidées de Berlin">Visite guidée : Découverte de Berlin</a></h2><div class="alignright border"><img src="https://www.walkberlin.com/fr/wp-content/uploads/sites/3/2015/02/Pariserplatz_WB-200x133.jpg" alt="" /></div><p>Vous visitez Berlin pour la première fois et souhaitez découvrir la ville ? Alors ce tour est fait pour vous ! WalkBerlin vous propose une visite guidée découverte du centre historique de Berlin de la Porte de Brandebourg au Gendarmenmarkt en 3 heures. Une visite d'Est en Ouest en passant par le Mémorial aux Juifs assassinés d'Europe, Checkpoint Charlie et les restes du Mur de Berlin. Une visite guidée présentant l'ensemble des incontournables de Mitte en 3 heures.</p><p><a class="btn green" href="https://www.walkberlin.com/fr/visites-guidees-de-berlin/decouverte-de-berlin-incontournables/">Infomations &amp; détails</a></p>
			</div>
			<div class="clearfix"></div>

			<div class="teaser-container">	
				<h2><a href="https://www.walkberlin.com/fr/visites-guidees-de-berlin/mur-de-berlin/" rel="bookmark" title="Visites guidées de Berlin">Visite guidée : le Mur de Berlin</a></h2><div class="alignright border"><img src="https://www.walkberlin.com/fr/wp-content/uploads/sites/3/2014/09/le-Mur-de-Berlin-200x133.jpg" alt="" /></div><p>La construction du Mur de Berlin, dans la nuit du 12 au 13 août 1961, devait changer le destin de millions de Berlinois pendant prés de 30 ans. C'est aussi en une nuit, celle du 9 novembre 1989, que le mur est tombé. Cette visite nous emmène sur les traces du Mur de Berlin, de l'ancienne gare fantôme de Nordbahnhof au restes du mur Bernauer Straße. C'est l'histoire de la résistance d'un peuple contre la RDA, des tentatives de fuite réussies, celles qui furent mortelles et du Mur, symbole de la Guerre froide.</p><p><a class="btn green" href="https://www.walkberlin.com/fr/visites-guidees-de-berlin/mur-de-berlin/">Infomations &amp; détails</a></p>
			</div>
			<div class="clearfix"></div>

			<div class="teaser-container">	
				<h2><a href="https://www.walkberlin.com/fr/visites-guidees-de-berlin/le-berlin-de-hitler/" rel="bookmark" title="Visites guidées de Berlin">Visite guidée : le Berlin de Hitler</a></h2><div class="alignright border"><img src="https://www.walkberlin.com/fr/wp-content/uploads/sites/3/2013/06/memorial-juif-europe-200x133.jpg" alt="" /></div><p>Dès 1933, Hitler mit en place un régime dictatorial en Allemagne, national-socialiste, antisémite et raciste. Capitale de l’empire, Berlin a été imprégnée par le nouveau régime dans son histoire multiculturelle et dans son architecture. Ville multiculturelle, Berlin fut à la fois le siège du pouvoir nazi et un des lieux de la résistance allemande. Dans ce tour, nous nous rendons sur les traces de l’ancienne « Germania » pour visiter les lieux de l’appareil nazi et de la résistance.</p><p><a class="btn green" href="https://www.walkberlin.com/fr/visites-guidees-de-berlin/le-berlin-de-hitler/">Infomations &amp; détails</a></p>
			</div>
			<div class="clearfix"></div>
<div class="widget-title-border"><div class="widget-title-block"></div></div><br />

			<div class="teaser-container">	
				<h2><a href="https://www.walkberlin.com/fr/visites-guidees-privees/" rel="bookmark" title="Visites guidées de Berlin">Visites guidées privées</a></h2><div class="alignright border"><img src="https://www.walkberlin.com/fr/wp-content/uploads/sites/3/2014/01/IMG_0700-200x133.jpg" alt="" /></div><p>Vous voulez découvrir Berlin lors d’une de nos visites guidées mais en tant que groupe privé ? Ou bien vous êtes intéressés par un tout autre sujet ? Les groupes, les entreprises et les scolaires ont la possibilité de visiter Berlin avec WalkBerlin, individuellement et en groupe privé. Sujet, durée et date : c’est vous qui choississez.</p><p><a class="btn green" href="https://www.walkberlin.com/fr/visites-guidees-privees/">Infomations &amp; détails</a></p>
			</div>
			<div class="clearfix"></div>

			<div class="teaser-container">	
				<h2><a href="https://www.walkberlin.com/fr/visites-guidees-pour-scolaires-2/" rel="bookmark" title="Visites guidées de Berlin">Visites guidées pour scolaires</a></h2><div class="alignright border"><img src="https://www.walkberlin.com/fr/wp-content/uploads/sites/3/2014/01/P1110812-640x450-200x133.jpg" alt="" /></div><p>WalkBerlin propose aux scolaires et aux étudiants des visites guidées informatives et passionnantes pour découvrir les problématiques de l’histoire contemporaine à Berlin. Ces tours sont conçus pour répondre à leurs questions et plus encore. Tours réguliers et à la carte offrent un grand choix de visites.</p><p><a class="btn green" href="https://www.walkberlin.com/fr/visites-guidees-pour-scolaires-2/">Infomations &amp; détails</a></p>
			</div>
			<div class="clearfix"></div>

			<div class="teaser-container">	
				<h2><a href="https://www.walkberlin.com/fr/visites-guidees-privees-berlin/berlin-et-les-francais/" rel="bookmark" title="Visites guidées de Berlin">Visite guidée : Berlin et les Français</a></h2><div class="alignright border"><img src="https://www.walkberlin.com/fr/wp-content/uploads/sites/3/2013/06/pariserplatz-200x133.jpg" alt="" /></div><p>« Les Français arrivent à Berlin », une phrase que l’on connaît bien dans l’histoire berlinoise. A plusieurs reprises, les Français sont venus à Berlin : les huguenots après la Guerre de Trente ans, les troupes françaises lors des guerres napoléoniennes en 1806 ou encore entre 1945 et 1994 pour y occuper un secteur. La visite guidée présente l’histoire complexe des relations franco-allemandes à Berlin du 17ème siècle jusqu’à l’engouement actuel des Français pour la capitale allemande. </p><p><a class="btn green" href="https://www.walkberlin.com/fr/visites-guidees-privees-berlin/berlin-et-les-francais/">Infomations &amp; détails</a></p>
			</div>
			<div class="clearfix"></div>

			<div class="teaser-container">	
				<h2><a href="https://www.walkberlin.com/fr/la-resistance-allemande-face-au-nazisme/" rel="bookmark" title="Visites guidées de Berlin">La résistance allemande face au nazisme</a></h2><div class="alignright border"><img src="https://www.walkberlin.com/fr/wp-content/uploads/sites/3/2013/08/widerstand-200x133.jpg" alt="" /></div><p>Un aspect peut-être moins connu du régime nazi : la résistance allemande. Jamais les nazis n'obtiendront la majorité absolue dans le pays et malgré terreur et propagande, système concentrationnaire et embrigadement, des voix se levèrent contre le régime. En Allemagne et à Berlin. Berlin fut à la fois le siège du Troisième Reich et un des lieux de la résistance allemande. Aujourd'hui, Berlin rend hommage à ces résistants longtemps restés dans l'ombre. Ce tour présente leurs portraits.</p><p><a class="btn green" href="https://www.walkberlin.com/fr/la-resistance-allemande-face-au-nazisme/">Infomations &amp; détails</a></p>
			</div>
			<div class="clearfix"></div>

			<div class="teaser-container">	
				<h2><a href="https://www.walkberlin.com/fr/lalexanderplatz/" rel="bookmark" title="Visites guidées de Berlin">L&#8217;Alexanderplatz</a></h2><div class="alignright border"><img src="https://www.walkberlin.com/fr/wp-content/uploads/sites/3/2013/08/IMG_0390-200x133.jpg" alt="" /></div><p>Place mythique devenue place prestige, l'Alexanderplatz fait partie des incontournables de Berlin. Elle est liée à toutes les histoires et à la grande histoire de Berlin : le Berlin de l'entre-deux guerres, la montée du nazisme, la fondation de la RDA qui en fera le coeur de sa capitale, Berlin-Est, et la preuve de sa puissance technique avec sa Tour de télévision. Une place du régime mais surtout une place révolutionnaire, immortalisée par le film : "Good bye Lenin !", à découvrir dans ce tour, qui lui est consacré.</p><p><a class="btn green" href="https://www.walkberlin.com/fr/lalexanderplatz/">Infomations &amp; détails</a></p>
			</div>
			<div class="clearfix"></div>
<div id="social-media">
						<span class="h3">Partager</span>
						<ul>
							<li>
								<img src="https://www.walkberlin.com/fr/wp-content/themes/stylemag/images/social-media/facebook_icon.png" id="facebook" class="socialbtn" alt="" />
							</li>
							<li>
								<img src="https://www.walkberlin.com/fr/wp-content/themes/stylemag/images/social-media/twitter_icon.png" id="twitter" class="socialbtn" alt="" />
							</li>
							<li>
								<img src="https://www.walkberlin.com/fr/wp-content/themes/stylemag/images/social-media/googleplus_icon.png" id="googleplus" class="socialbtn" alt="" />
							</li>
							<li>
								<img src="https://www.walkberlin.com/fr/wp-content/themes/stylemag/images/social-media/pinterest_icon.png" id="pinterest" class="socialbtn" alt="" />
							</li>
							<li>
								<img src="https://www.walkberlin.com/fr/wp-content/themes/stylemag/images/social-media/whatsapp_icon.png" id="whatsapp" class="socialbtn" alt="" />
							</li>
							<li>
								<img src="https://www.walkberlin.com/fr/wp-content/themes/stylemag/images/social-media/email_icon.png" id="email" class="socialbtn" alt="" />
							</li>
						</ul>
						</div>
							<div class="widget-title-border">
						<div class="widget-title-block"></div>
					</div>

<p>Capitale européenne, Berlin séduit parce qu&#8217;elle est jeune, dynamique, internationale, moderne et en transformation permanente. Berlin, c&#8217;est aussi cette ville au paysage urbain complexe et à l&#8217;histoire mouvementée. Visiter Berlin, c&#8217;est un voyage culturel dans le temps. Ces visites guidées ne sont malheureusement plus proposées. Partager</p>
