{"id":7,"date":"2013-04-02T12:46:04","date_gmt":"2013-04-02T10:46:04","guid":{"rendered":"https:\/\/www.walkberlin.com\/fr\/?page_id=7"},"modified":"2022-05-24T22:07:55","modified_gmt":"2022-05-24T20:07:55","slug":"mur-de-berlin","status":"publish","type":"page","link":"https:\/\/www.walkberlin.com\/fr\/visites-guidees-de-berlin\/mur-de-berlin\/","title":{"rendered":"Visite guid\u00e9e : le Mur de Berlin"},"content":{"rendered":"<div class=\"alignleft border\"><img loading=\"lazy\" width=\"300\" height=\"200\" class=\"size-medium wp-image-1596\" src=\"https:\/\/www.walkberlin.com\/fr\/wp-content\/uploads\/sites\/3\/2014\/09\/le-Mur-de-Berlin-300x200.jpg\" alt=\"Le Mur de Berlin dans la Bernauer Stra\u00dfe pr\u00e8s de Nordbahnhof\" srcset=\"https:\/\/www.walkberlin.com\/fr\/wp-content\/uploads\/sites\/3\/2014\/09\/le-Mur-de-Berlin-300x200.jpg 300w, https:\/\/www.walkberlin.com\/fr\/wp-content\/uploads\/sites\/3\/2014\/09\/le-Mur-de-Berlin-100x66.jpg 100w, https:\/\/www.walkberlin.com\/fr\/wp-content\/uploads\/sites\/3\/2014\/09\/le-Mur-de-Berlin-680x450.jpg 680w, https:\/\/www.walkberlin.com\/fr\/wp-content\/uploads\/sites\/3\/2014\/09\/le-Mur-de-Berlin-330x220.jpg 330w, https:\/\/www.walkberlin.com\/fr\/wp-content\/uploads\/sites\/3\/2014\/09\/le-Mur-de-Berlin-200x133.jpg 200w, https:\/\/www.walkberlin.com\/fr\/wp-content\/uploads\/sites\/3\/2014\/09\/le-Mur-de-Berlin.jpg 1024w\" sizes=\"(max-width: 300px) 100vw, 300px\" \/><\/div>\n<p>Pourquoi la RDA a-t-elle \u00e9t\u00e9 fond\u00e9e ? <strong>Comment et pourquoi le mur a-t-il \u00e9t\u00e9 construit ?<\/strong> Les r\u00e9ponses \u00e0 ses questions vous sont donn\u00e9es dans la <strong>visite guid\u00e9e : le mur de Berlin<\/strong>. La visite commence dans la gare fant\u00f4me de Nordbahnhof et se poursuit le long de l&#8217;ancien no man&#8217;s land dans la rue Bernauer Stra\u00dfe. Ici, vous d\u00e9couvrirez ce qu&#8217;\u00e9tait l&#8217;espace fronti\u00e8re dans Berlin, o\u00f9 \u00e9taient <strong>les tunnels<\/strong> construits pour quitter la RDA et aussi, comment le r\u00e9gime de la RDA tenta d&#8217;y remedier.<br \/>\n<div class=\"widget-title-border\"><div class=\"widget-title-block\"><\/div><\/div><br \/>\n<h2>Highlights<\/h2>\n<div class=\"one-half\">\n<ul class=\"list3\">\n<li>Visite guid\u00e9e en groupe<\/li>\n<li>Ticket gratuit pour les moins de 12 ans<\/li>\n<li>Petit groupe : 8 \u00e0 10 personnes<\/li>\n<\/ul>\n<\/div>\n<div class=\"one-half last-col\">\n<ul class=\"list3\">\n<li>Histoire de la RDA<\/li>\n<li>Restes du mur dans la Bernauer Stra\u00dfe<\/li>\n<li>Histoire des tunnels et des \u00e9vasions<\/li>\n<\/ul>\n<\/div>\n<div class=\"clearfix\"><\/div>\n<div class=\"widget-title-border\"><div class=\"widget-title-block\"><\/div><\/div><br \/>\n<h2>Informations sur le tour<\/h2>\n<div class=\"one-half\">\n<ul class=\"list1\">\n<li>Visite guid\u00e9e en Fran\u00e7ais<\/li>\n<!-- &#091;li&#093;Le vendredi \u00e0 14 heures&#091;\/li&#093; --><br \/>\n<li>Dur\u00e9e : 3h<\/li>\n<li>Visite guid\u00e9e \u00e0 pied. Distance parcourue : 2 km<\/li>\n<li>Rendez-vous : Kiosque &#8220;The Wall&#8221;, gare Nordbahnhof, arr\u00eat du tramway M10 &#8220;Nordbahnhof&#8221;<\/li>\n<!-- &#091;li&#093;Adultes : 20,00 \u20ac ; <a href=\"https:\/\/www.walkberlin.com\/fr\/a-propos\/tarifs\/\" target=\"_blank\" rel=\"noopener noreferrer\">tarif r\u00e9duit<\/a> : 15,00 \u20ac&#091;\/li&#093; --><br \/>\n<\/ul>\n<\/div>\n<div class=\"one-half last-col\">\n<p><strong>Cette visite n&#8217;est plus propos\u00e9e. Merci de votre compr\u00e9hension.<\/strong><br \/>\n<!--\n<strong>Achat des tickets et r\u00e9servation en ligne<\/strong>\nR\u00e9servation en ligne ou par t\u00e9l\u00e9phone au +49 176 55 43 67 04 au plus tard le jeudi \u00e0 18 heures.\n\nMerci de r\u00e9server en ligne pour participer \u00e0 la visite guid\u00e9e. La visite hebdomadaire est annul\u00e9e s'il y a moins de 5 adultes inscrits \u00e0 la visite. <strong>R\u00e9servez en toute s\u00e9curit\u00e9 sur le site de notre partenaire Eventbrite<\/strong>.\n<!--\n<a class=\"btn green big\" href=\"https:\/\/www.walkberlin.com\/fr\/out\/?url=uggcf:||jjj{|}riragoevgr{|}qr|r|ovyyrgf-ivfvgr-thvqrr-yr-zhe-qr-oreyva-10184996599?ers=roncv\" target=\"_blank\" rel=\"noopener noreferrer\">Tickets et r\u00e9servation<\/a>\n--><br \/>\n<\/div>\n<div class=\"clearfix\"><\/div>\n<div class=\"widget-title-border\"><div class=\"widget-title-block\"><\/div><\/div><br \/>\n<h2>Le Mur de Berlin &#8211; symbole de la Guerre froide<\/h2>\n<p>C\u2019est dans la nuit du 12 au 13 ao\u00fbt 1961 que des soldats de l\u2019Arm\u00e9e populaire de RDA ont \u00e9rig\u00e9 un mur qui devait diviser Berlin mais aussi des familles, des amis, des amoureux pendant pr\u00e9s de 30 ans. C\u2019est aussi en l\u2019espace d\u2019une nuit, le 9 novembre 1989 que le mur est tomb\u00e9. A l\u2019annonce de l\u2019ouverture des fronti\u00e8res par G\u00fcnter Schabowski, membre du bureau politique du SED, des milliers de Berlinois, de l\u2019Est et de l\u2019Ouest, se rendent aux postes fronti\u00e8res de la Bornholmer Stra\u00dfe, de la Friedrichstra\u00dfe ou \u00e0 la Porte de Brandebourg. Tout un symbole. C\u2019en \u00e9tait fini du mur, de la division de la ville mais aussi de la RDA et de son syst\u00e8me r\u00e9pressif. Seuls quelques segments du mur ont surv\u00e9cu \u00e0 la vindicte populaire \u2013 les Berlinois ne voulaient plus voir ni entendre parler de ce qui avait incarn\u00e9 l\u2019absence de libert\u00e9. Dans cette visite, ce sont ces restes du Mur de Berlin dans la Bernauer Stra\u00dfe que nous suivons, pour d\u00e9couvrir son histoire et \u00e0 travers elle, celle d\u2019un syst\u00e8me politique\u00a0:\u00a0la RDA et celle des Berlinois.<\/p>\n<h2>\u00ab\u00a0Le vote par les pieds\u00a0\u00bb<\/h2>\n<p>Pr\u00e8s de trois millions de citoyens est-allemands quittent la RDA entre 1949 et 1961 pour tenter leur chance dans la R\u00e9publique f\u00e9d\u00e9rale allemande. La r\u00e9action du parti-Etat ne se fait pas attendre. D\u00e8s 1952 une fronti\u00e8re en barbel\u00e9s s\u00e9pare les deux Allemagnes. Quelques ann\u00e9es plus tard, toute tentative de quitter la RDA sera punie par une peine de prison. Et pourtant, le nombre de d\u00e9parts ne cesse d\u2019augmenter, d\u2019o\u00f9 la construction du \u00ab\u00a0mur de protection anti-capitaliste\u00a0\u00bb, version officielle des autorit\u00e9s est-allemandes, \u00ab\u00a0mur de la honte\u00a0\u00bb pour les autres. Le mur devait-il emp\u00eacher de fuir\u00a0? Oui et non. L\u2019histoire du mur, c\u2019est l\u2019histoire du symbole d\u2019un syst\u00e8me politique se sentant menac\u00e9. C\u2019est aussi l\u2019histoire de citoyens qui ont tout tent\u00e9 pour fuir\u00a0:\u00a0trous dans les barbel\u00e9s, tunnels sous le mur, travers\u00e9e \u00e0 la nage \u2013 au p\u00e9ril de leur vie.<\/p>\n<h2>Le mur aujourd\u2019hui \u2013 les traces<\/h2>\n<p>Le mur dispara\u00eet en quelques mois, tout comme le syst\u00e8me politique qui l\u2019avait \u00e9rig\u00e9. Tr\u00e8s vite, il n\u2019y a plus de postes de contr\u00f4le ni de contr\u00f4le d\u2019identit\u00e9, plus de fronti\u00e8re ni de soldats avec ordre de tirer. Aujourd\u2019hui, il reste encore \u00e0 Berlin quelques segments et morceaux du mur, parsem\u00e9s dans la ville, inscrits dans l\u2019architecture actuelle de la ville.<\/p>\n<p>Dans cette visite, nous partons sur les traces du Mur de Berlin, de la <strong>gare fant\u00f4me de Nordbahnhof<\/strong> jusqu\u2019aux <strong>restes du mur et trac\u00e9s des tunnels dans la Bernauer Stra\u00dfe<\/strong>. C\u2019est l\u2019histoire de la r\u00e9sistance d\u2019une partie de la population contre le r\u00e9gime est-allemand, des \u00e9vasions r\u00e9ussies, rat\u00e9es ou mortelles, et du mur, symbole de la Guerre froide.<\/p>\n<div class=\"widget-title-border\"><div class=\"widget-title-block\"><\/div><\/div><br \/>\n<!--\n\n\n<h2>Dates des visites et tickets<\/h2>\n\n\n[one_half]\n\nPour consulter les dates des visites guid\u00e9es sur le Mur de Berlin et r\u00e9server des tickets, merci de cliquer sur le bouton <strong>Tickets et r\u00e9servation<\/strong>. Vous serez redirig\u00e9 vers notre partenaire Eventbrite.\n\n[\/one_half]\n[one_half_last]\n<a class=\"btn green big\" href=\"https:\/\/www.walkberlin.com\/fr\/out\/?url=uggcf:||jjj{|}riragoevgr{|}qr|r|ovyyrgf-ivfvgr-thvqrr-yr-zhe-qr-oreyva-10184996599?ers=roncv\" target=\"_blank\" rel=\"noopener noreferrer\">Tickets et r\u00e9servation<\/a>\n\n[\/one_half_last]\n[clear]\n--><br \/>\n<div class=\"widget-title-border\"><div class=\"widget-title-block\"><\/div><\/div><br \/>\n<div id=\"social-media\">\n\t\t\t\t\t\t<span class=\"h3\">Partager<\/span>\n\t\t\t\t\t\t<ul>\n\t\t\t\t\t\t\t<li>\n\t\t\t\t\t\t\t\t<img src=\"https:\/\/www.walkberlin.com\/fr\/wp-content\/themes\/stylemag\/images\/social-media\/facebook_icon.png\" id=\"facebook\" class=\"socialbtn\" alt=\"\" \/>\n\t\t\t\t\t\t\t<\/li>\n\t\t\t\t\t\t\t<li>\n\t\t\t\t\t\t\t\t<img src=\"https:\/\/www.walkberlin.com\/fr\/wp-content\/themes\/stylemag\/images\/social-media\/twitter_icon.png\" id=\"twitter\" class=\"socialbtn\" alt=\"\" \/>\n\t\t\t\t\t\t\t<\/li>\n\t\t\t\t\t\t\t<li>\n\t\t\t\t\t\t\t\t<img src=\"https:\/\/www.walkberlin.com\/fr\/wp-content\/themes\/stylemag\/images\/social-media\/googleplus_icon.png\" id=\"googleplus\" class=\"socialbtn\" alt=\"\" \/>\n\t\t\t\t\t\t\t<\/li>\n\t\t\t\t\t\t\t<li>\n\t\t\t\t\t\t\t\t<img src=\"https:\/\/www.walkberlin.com\/fr\/wp-content\/themes\/stylemag\/images\/social-media\/pinterest_icon.png\" id=\"pinterest\" class=\"socialbtn\" alt=\"\" \/>\n\t\t\t\t\t\t\t<\/li>\n\t\t\t\t\t\t\t<li>\n\t\t\t\t\t\t\t\t<img src=\"https:\/\/www.walkberlin.com\/fr\/wp-content\/themes\/stylemag\/images\/social-media\/whatsapp_icon.png\" id=\"whatsapp\" class=\"socialbtn\" alt=\"\" \/>\n\t\t\t\t\t\t\t<\/li>\n\t\t\t\t\t\t\t<li>\n\t\t\t\t\t\t\t\t<img src=\"https:\/\/www.walkberlin.com\/fr\/wp-content\/themes\/stylemag\/images\/social-media\/email_icon.png\" id=\"email\" class=\"socialbtn\" alt=\"\" \/>\n\t\t\t\t\t\t\t<\/li>\n\t\t\t\t\t\t<\/ul>\n\t\t\t\t\t\t<\/div>\n\t\t\t\t\t\t\t<div class=\"widget-title-border\">\n\t\t\t\t\t\t<div class=\"widget-title-block\"><\/div>\n\t\t\t\t\t<\/div>","protected":false},"excerpt":{"rendered":"<p>Pourquoi la RDA a-t-elle \u00e9t\u00e9 fond\u00e9e ? Comment et pourquoi le mur a-t-il \u00e9t\u00e9 construit ? Les r\u00e9ponses \u00e0 ses questions vous sont donn\u00e9es dans la visite guid\u00e9e : le mur de Berlin. La visite commence dans la gare fant\u00f4me de Nordbahnhof et se poursuit le long de l&#8217;ancien no man&#8217;s land dans la rue<\/p>\n","protected":false},"author":1,"featured_media":1596,"parent":13,"menu_order":2,"comment_status":"closed","ping_status":"closed","template":"","meta":[],"_links":{"self":[{"href":"https:\/\/www.walkberlin.com\/fr\/wp-json\/wp\/v2\/pages\/7"}],"collection":[{"href":"https:\/\/www.walkberlin.com\/fr\/wp-json\/wp\/v2\/pages"}],"about":[{"href":"https:\/\/www.walkberlin.com\/fr\/wp-json\/wp\/v2\/types\/page"}],"author":[{"embeddable":true,"href":"https:\/\/www.walkberlin.com\/fr\/wp-json\/wp\/v2\/users\/1"}],"replies":[{"embeddable":true,"href":"https:\/\/www.walkberlin.com\/fr\/wp-json\/wp\/v2\/comments?post=7"}],"version-history":[{"count":115,"href":"https:\/\/www.walkberlin.com\/fr\/wp-json\/wp\/v2\/pages\/7\/revisions"}],"predecessor-version":[{"id":3240,"href":"https:\/\/www.walkberlin.com\/fr\/wp-json\/wp\/v2\/pages\/7\/revisions\/3240"}],"up":[{"embeddable":true,"href":"https:\/\/www.walkberlin.com\/fr\/wp-json\/wp\/v2\/pages\/13"}],"wp:featuredmedia":[{"embeddable":true,"href":"https:\/\/www.walkberlin.com\/fr\/wp-json\/wp\/v2\/media\/1596"}],"wp:attachment":[{"href":"https:\/\/www.walkberlin.com\/fr\/wp-json\/wp\/v2\/media?parent=7"}],"curies":[{"name":"wp","href":"https:\/\/api.w.org\/{rel}","templated":true}]}}

Visite guidée : le Mur de Berlin

<div class="alignleft border"><img loading="lazy" width="300" height="200" class="size-medium wp-image-1596" src="https://www.walkberlin.com/fr/wp-content/uploads/sites/3/2014/09/le-Mur-de-Berlin-300x200.jpg" alt="Le Mur de Berlin dans la Bernauer Straße près de Nordbahnhof" srcset="https://www.walkberlin.com/fr/wp-content/uploads/sites/3/2014/09/le-Mur-de-Berlin-300x200.jpg 300w, https://www.walkberlin.com/fr/wp-content/uploads/sites/3/2014/09/le-Mur-de-Berlin-100x66.jpg 100w, https://www.walkberlin.com/fr/wp-content/uploads/sites/3/2014/09/le-Mur-de-Berlin-680x450.jpg 680w, https://www.walkberlin.com/fr/wp-content/uploads/sites/3/2014/09/le-Mur-de-Berlin-330x220.jpg 330w, https://www.walkberlin.com/fr/wp-content/uploads/sites/3/2014/09/le-Mur-de-Berlin-200x133.jpg 200w, https://www.walkberlin.com/fr/wp-content/uploads/sites/3/2014/09/le-Mur-de-Berlin.jpg 1024w" sizes="(max-width: 300px) 100vw, 300px" /></div>
<p>Pourquoi la RDA a-t-elle été fondée ? <strong>Comment et pourquoi le mur a-t-il été construit ?</strong> Les réponses à ses questions vous sont données dans la <strong>visite guidée : le mur de Berlin</strong>. La visite commence dans la gare fantôme de Nordbahnhof et se poursuit le long de l&#8217;ancien no man&#8217;s land dans la rue Bernauer Straße. Ici, vous découvrirez ce qu&#8217;était l&#8217;espace frontière dans Berlin, où étaient <strong>les tunnels</strong> construits pour quitter la RDA et aussi, comment le régime de la RDA tenta d&#8217;y remedier.<br />
<div class="widget-title-border"><div class="widget-title-block"></div></div><br />
<h2>Highlights</h2>
<div class="one-half">
<ul class="list3">
<li>Visite guidée en groupe</li>
<li>Ticket gratuit pour les moins de 12 ans</li>
<li>Petit groupe : 8 à 10 personnes</li>
</ul>
</div>
<div class="one-half last-col">
<ul class="list3">
<li>Histoire de la RDA</li>
<li>Restes du mur dans la Bernauer Straße</li>
<li>Histoire des tunnels et des évasions</li>
</ul>
</div>
<div class="clearfix"></div>
<div class="widget-title-border"><div class="widget-title-block"></div></div><br />
<h2>Informations sur le tour</h2>
<div class="one-half">
<ul class="list1">
<li>Visite guidée en Français</li>
<!-- &#091;li&#093;Le vendredi à 14 heures&#091;/li&#093; --><br />
<li>Durée : 3h</li>
<li>Visite guidée à pied. Distance parcourue : 2 km</li>
<li>Rendez-vous : Kiosque &#8220;The Wall&#8221;, gare Nordbahnhof, arrêt du tramway M10 &#8220;Nordbahnhof&#8221;</li>
<!-- &#091;li&#093;Adultes : 20,00 € ; <a href="https://www.walkberlin.com/fr/a-propos/tarifs/" target="_blank" rel="noopener noreferrer">tarif réduit</a> : 15,00 €&#091;/li&#093; --><br />
</ul>
</div>
<div class="one-half last-col">
<p><strong>Cette visite n&#8217;est plus proposée. Merci de votre compréhension.</strong><br />
<!--
<strong>Achat des tickets et réservation en ligne</strong>
Réservation en ligne ou par téléphone au +49 176 55 43 67 04 au plus tard le jeudi à 18 heures.

Merci de réserver en ligne pour participer à la visite guidée. La visite hebdomadaire est annulée s'il y a moins de 5 adultes inscrits à la visite. <strong>Réservez en toute sécurité sur le site de notre partenaire Eventbrite</strong>.
<!--
<a class="btn green big" href="https://www.walkberlin.com/fr/out/?url=uggcf:||jjj{|}riragoevgr{|}qr|r|ovyyrgf-ivfvgr-thvqrr-yr-zhe-qr-oreyva-10184996599?ers=roncv" target="_blank" rel="noopener noreferrer">Tickets et réservation</a>
--><br />
</div>
<div class="clearfix"></div>
<div class="widget-title-border"><div class="widget-title-block"></div></div><br />
<h2>Le Mur de Berlin &#8211; symbole de la Guerre froide</h2>
<p>C’est dans la nuit du 12 au 13 août 1961 que des soldats de l’Armée populaire de RDA ont érigé un mur qui devait diviser Berlin mais aussi des familles, des amis, des amoureux pendant prés de 30 ans. C’est aussi en l’espace d’une nuit, le 9 novembre 1989 que le mur est tombé. A l’annonce de l’ouverture des frontières par Günter Schabowski, membre du bureau politique du SED, des milliers de Berlinois, de l’Est et de l’Ouest, se rendent aux postes frontières de la Bornholmer Straße, de la Friedrichstraße ou à la Porte de Brandebourg. Tout un symbole. C’en était fini du mur, de la division de la ville mais aussi de la RDA et de son système répressif. Seuls quelques segments du mur ont survécu à la vindicte populaire – les Berlinois ne voulaient plus voir ni entendre parler de ce qui avait incarné l’absence de liberté. Dans cette visite, ce sont ces restes du Mur de Berlin dans la Bernauer Straße que nous suivons, pour découvrir son histoire et à travers elle, celle d’un système politique : la RDA et celle des Berlinois.</p>
<h2>« Le vote par les pieds »</h2>
<p>Près de trois millions de citoyens est-allemands quittent la RDA entre 1949 et 1961 pour tenter leur chance dans la République fédérale allemande. La réaction du parti-Etat ne se fait pas attendre. Dès 1952 une frontière en barbelés sépare les deux Allemagnes. Quelques années plus tard, toute tentative de quitter la RDA sera punie par une peine de prison. Et pourtant, le nombre de départs ne cesse d’augmenter, d’où la construction du « mur de protection anti-capitaliste », version officielle des autorités est-allemandes, « mur de la honte » pour les autres. Le mur devait-il empêcher de fuir ? Oui et non. L’histoire du mur, c’est l’histoire du symbole d’un système politique se sentant menacé. C’est aussi l’histoire de citoyens qui ont tout tenté pour fuir : trous dans les barbelés, tunnels sous le mur, traversée à la nage – au péril de leur vie.</p>
<h2>Le mur aujourd’hui – les traces</h2>
<p>Le mur disparaît en quelques mois, tout comme le système politique qui l’avait érigé. Très vite, il n’y a plus de postes de contrôle ni de contrôle d’identité, plus de frontière ni de soldats avec ordre de tirer. Aujourd’hui, il reste encore à Berlin quelques segments et morceaux du mur, parsemés dans la ville, inscrits dans l’architecture actuelle de la ville.</p>
<p>Dans cette visite, nous partons sur les traces du Mur de Berlin, de la <strong>gare fantôme de Nordbahnhof</strong> jusqu’aux <strong>restes du mur et tracés des tunnels dans la Bernauer Straße</strong>. C’est l’histoire de la résistance d’une partie de la population contre le régime est-allemand, des évasions réussies, ratées ou mortelles, et du mur, symbole de la Guerre froide.</p>
<div class="widget-title-border"><div class="widget-title-block"></div></div><br />
<!--


<h2>Dates des visites et tickets</h2>


[one_half]

Pour consulter les dates des visites guidées sur le Mur de Berlin et réserver des tickets, merci de cliquer sur le bouton <strong>Tickets et réservation</strong>. Vous serez redirigé vers notre partenaire Eventbrite.

[/one_half]
[one_half_last]
<a class="btn green big" href="https://www.walkberlin.com/fr/out/?url=uggcf:||jjj{|}riragoevgr{|}qr|r|ovyyrgf-ivfvgr-thvqrr-yr-zhe-qr-oreyva-10184996599?ers=roncv" target="_blank" rel="noopener noreferrer">Tickets et réservation</a>

[/one_half_last]
[clear]
--><br />
<div class="widget-title-border"><div class="widget-title-block"></div></div><br />
<div id="social-media">
						<span class="h3">Partager</span>
						<ul>
							<li>
								<img src="https://www.walkberlin.com/fr/wp-content/themes/stylemag/images/social-media/facebook_icon.png" id="facebook" class="socialbtn" alt="" />
							</li>
							<li>
								<img src="https://www.walkberlin.com/fr/wp-content/themes/stylemag/images/social-media/twitter_icon.png" id="twitter" class="socialbtn" alt="" />
							</li>
							<li>
								<img src="https://www.walkberlin.com/fr/wp-content/themes/stylemag/images/social-media/googleplus_icon.png" id="googleplus" class="socialbtn" alt="" />
							</li>
							<li>
								<img src="https://www.walkberlin.com/fr/wp-content/themes/stylemag/images/social-media/pinterest_icon.png" id="pinterest" class="socialbtn" alt="" />
							</li>
							<li>
								<img src="https://www.walkberlin.com/fr/wp-content/themes/stylemag/images/social-media/whatsapp_icon.png" id="whatsapp" class="socialbtn" alt="" />
							</li>
							<li>
								<img src="https://www.walkberlin.com/fr/wp-content/themes/stylemag/images/social-media/email_icon.png" id="email" class="socialbtn" alt="" />
							</li>
						</ul>
						</div>
							<div class="widget-title-border">
						<div class="widget-title-block"></div>
					</div>

<p>Pourquoi la RDA a-t-elle été fondée ? Comment et pourquoi le mur a-t-il été construit ? Les réponses à ses questions vous sont données dans la visite guidée : le mur de Berlin. La visite commence dans la gare fantôme de Nordbahnhof et se poursuit le long de l&#8217;ancien no man&#8217;s land dans la rue</p>
